ue
Suppose -33862890 - 19365275 = 75*f - 340*f. Is f composite?
False
Suppose 15*u = 9*u + 12. Suppose -2*m = u*p - 4318, -2*m + 2*p + 2147 = -m. Is m a composite number?
True
Is (-64936)/(5 - 7) + -1 composite?
False
Let i(m) = 65*m**2 + 8*m - 21. Let y be i(-16). Suppose -5*t + 5497 = b, 5*t - y = -3*b + 8*t. Is b a prime number?
False
Suppose 3*x + 153 = 12*x. Suppose 0 = -4*r - 5*l - x, -2*r - 23 = -r + 5*l. Suppose -z + 5*z - r*o = 9724, -o = -4*z + 9720. Is z a prime number?
False
Is (-9100295)/(-92)*396/45 prime?
False
Let g(n) = n**3 + n**2 - 4*n - 5. Let b be g(-2). Is 7 + (-325745)/(-42) - b/6 a composite number?
True
Let h = 17 - 13. Suppose 2 = b - h*n - 13, -n = 5*b - 12. Suppose -b*f = -v - 100, 0 = -3*f + 5*v + 145 - 53. Is f a composite number?
True
Suppose 2*w - 1789870 = -4*m, -292114 = -w - 5*m + 602803. Is w a composite number?
False
Suppose 0*r + r - 93 = 0. Let b be ((-52)/(-39))/(10/(-15))*-1. Suppose -b*y - 375 = -6*y + 5*x, -2*x - r = -y. Is y a prime number?
False
Let u = -601 + -2337. Let k = 16303 - 10979. Let l = u + k. Is l composite?
True
Let g = -101453 - -152254. Is g a prime number?
False
Let w(v) be the second derivative of 3*v**5/10 - v**4/2 - 5*v**3/3 + 19*v**2/2 - 5*v. Suppose 0 = -2*s + 4*s - 18. Is w(s) a composite number?
True
Suppose -2*g + 10269 = g. Let i be g/12 + (-3)/12. Suppose i = 2*m + m. Is m a composite number?
True
Suppose -8*h + 1735 = -3*h. Suppose y + y + h = -3*g, g + 175 = -y. Is (-7*(-3 - -2))/((-2)/y) a composite number?
True
Let l(m) be the second derivative of 19*m**5/30 - 11*m**4/24 - 13*m**3/6 + 2*m. Let c(v) be the second derivative of l(v). Is c(7) a composite number?
False
Let q = 408 + -404. Is q/(16/17972) + -6 a composite number?
True
Let a(d) = -118*d**3 + 2*d**2 + 4*d - 9. Let q = 466 - 470. Is a(q) a composite number?
False
Suppose 3*s = -4*u + 58525, -9*s - 73165 = -5*u - 11*s. Is u prime?
False
Let x(y) = 24 - 9*y + 14 + 8*y**2 - 12. Is x(9) a composite number?
False
Suppose 97 = 2*k + 5*j, -5*k + 5*j = -0*j - 190. Let b(r) = 45*r - 16*r**2 - 2*r**3 + 0*r**3 + 3*r**3 - 18 - k*r. Is b(19) a composite number?
True
Let n = -13210 + 65549. Is n prime?
False
Let s = -4232 - -8451. Is s a prime number?
True
Let b be 3333 - -7*(-3 + 4). Suppose 3*f - 15169 = -b. Is f prime?
True
Let n(p) = -218*p**3 + 9*p**2 + 56*p + 7. Is n(-6) prime?
False
Suppose 293*w = 291*w + 73694. Is w composite?
False
Suppose -43 = 5*l - 18. Is (787 - 0)*l/4*-4 a composite number?
True
Suppose j = p + 4112 + 2118, -4*p = -3*j + 18686. Suppose -w + 7*w = j. Is w prime?
True
Let f(x) = -x**3 - x**2 + 4*x - 2. Suppose -24*k + 3 = -25*k. Let v be f(k). Suppose 2*u + 4 = 0, v*u + 4124 + 920 = 4*i. Is i prime?
True
Let k(v) = v**3 - 12*v**2 - 10*v - 38. Let x be k(11). Let d be (-20415)/18 + 2/12. Let j = x - d. Is j composite?
True
Let a = -9 + 12. Suppose 6*q + 18 = a*q. Is 5710/15 - 2/q composite?
True
Suppose 3*h = 5*h. Let z(w) = -12*w**2 - 213*w + 44. Let b be z(-18). Is b/(-35) - h - (-5344)/14 a composite number?
True
Let j be (-68)/(-68)*(-2 - (-459)/1). Suppose 454*f + 2787 = j*f. Is f a prime number?
True
Suppose -15*p + 27*p = 948. Suppose p*r - 10 = 74*r. Suppose r*i + 10*x = 5*x + 4947, -2*i = 2*x - 4944. Is i a composite number?
True
Is (4/2)/((8 - (-1296999)/(-162126))*4) prime?
True
Is ((-14)/21)/(58/(-69972447)) prime?
True
Let d = 240 + -237. Is (-6)/d*(-37134)/36 prime?
True
Let t = 7073 + -4852. Is t a prime number?
True
Let g(a) = 43*a + 3 - 6 + 1 - 31. Let r be g(-8). Let t = 194 - r. Is t prime?
True
Let h = 61 - 46. Suppose -13*m - h = -8*m. Is (0 + 3327/m)/(-1) composite?
False
Let u(o) = o**2 - 7 + 5*o + 14 - 5 - o. Let f be u(-4). Suppose f*g + 7 = 27. Is g a prime number?
False
Let u = 38 + -33. Suppose -b + 3480 = u*b. Suppose -z - 145 = -2*z + 4*t, 2*t = 4*z - b. Is z a composite number?
True
Suppose -3*z + 4*m + 648277 = 0, -5*z - 193*m + 1080459 = -197*m. Is z composite?
False
Let c = 31 - 17. Suppose t + 17 - c = 0. Is (t/(-6)*-2)/(-2)*502 a composite number?
False
Suppose 0 = -b + 11*b. Suppose -2*m - 4*v + 17154 = b, 3*v + 1 + 2 = 0. Is m a composite number?
True
Suppose 3*t = -0*z - 2*z + 1550, -z - 525 = -t. Let k = 2 - 3. Is 3*2*t/39 + k prime?
True
Suppose 214*o - 10*o - 37105894 = -55*o. Is o composite?
True
Suppose 2*c = 3*g + 2352, -12*g + 20 = -7*g. Suppose 3*h - 1989 = 3*l, l - 2*h + 961 = 296. Let d = c + l. Is d a prime number?
True
Let t(h) be the first derivative of 10*h**3/3 + 7*h**2/2 - 30*h - 1. Let f be t(9). Let q = -364 + f. Is q prime?
True
Suppose 0*s - s + 2*w = -15, s - 20 = 3*w. Suppose -2 = -s*u + 2*n, -22 = -5*u - 0*u - 3*n. Suppose -2193 + 451 = -u*z. Is z prime?
False
Suppose -35*y - 30 = 75. Let g be (88/(-12))/((-2)/(-24)). Is g/33 + 1/y - -382 a prime number?
True
Is (-10)/(-105)*7 - 2068644/(-36) composite?
True
Let f be 4/(-22) + (-3964)/(-22). Let u = -157 + f. Is u a composite number?
False
Let o be -5 + (-2 + 14030 - -6). Let c = o - 3968. Is c a composite number?
False
Let k = 16605 - -18302. Is k composite?
True
Suppose 4*m = -i + 15, 4*i = -5*m + 82 - 22. Let o be (-6)/(-4)*20/i. Suppose -o*v = -4*h - 1445 - 83, -v = 4*h - 746. Is v a prime number?
False
Let g(n) be the first derivative of -n**3/3 - 19*n**2/2 - 31*n + 7. Let b be g(-17). Suppose 3*w + 6*f = b*f + 9003, 0 = 3*w - 2*f - 8993. Is w prime?
True
Let c(q) = 56*q**2 - 11*q - 1 + 61*q**2 + 7*q. Is c(6) a composite number?
True
Is (6/(-8) - 41283847/124)*2/(-10) composite?
False
Let t(l) = 13*l**2 - 10*l - 1. Let y be t(-4). Suppose -3*g = -y + 67. Let x = 157 - g. Is x composite?
False
Suppose 0*j - 4*j = 756. Let h = -996 + 516. Let n = j - h. Is n composite?
True
Let a(c) = 6*c. Let p(s) = -1303*s + 70. Let r(y) = 6*a(y) + p(y). Is r(-1) a prime number?
False
Let g(c) = 1912*c + 333. Is g(13) a composite number?
False
Let w = 2029 - 887. Suppose 0 = -0*d - 4*d + 5*a + w, -2*d = -3*a - 570. Let q = d + -125. Is q prime?
True
Suppose 4*y + 2*n = -270 + 732, -2*n - 458 = -4*y. Let w = 70 - y. Is (-7239)/w - (-4)/30 composite?
True
Suppose -30*t - 71595013 = -221*t. Is t composite?
True
Is -7 + 6264524/(-21)*12/(-8) a prime number?
False
Suppose 4*z + 2*p - 1057624 = 0, -5*p = 382 - 412. Is z prime?
True
Is (-456)/(-57) + 1*82377 a composite number?
True
Let x(d) = 236*d + 359. Let a be x(11). Let k = -576 - 1220. Let f = a + k. Is f a prime number?
False
Suppose 0 = 18*j - 20*j + 6. Let y(l) = -52*l**2 + 102*l**2 - 53*l**2 - 8 + 64*l**j. Is y(3) a composite number?
False
Is 46282016/616 - 2/(14*1) a prime number?
True
Let g(j) be the third derivative of j**6/120 - j**5/6 + 17*j**4/24 - 5*j**3/2 + j**2. Suppose 0 = 24*x - 11*x - 143. Is g(x) composite?
False
Is (-4)/(-6) - (12151090/(-6))/17 a composite number?
False
Suppose -1033632 = -0*n - 4*n + 4*z, 0 = 7*n + 3*z - 1808806. Is n prime?
True
Is 4 + (736823*-3 - 0)*(91 - 92) prime?
True
Let q(k) = -4009*k - 12892. Is q(-45) prime?
False
Is 1578951/693*(12/2 - -1) prime?
False
Suppose 84*j - 1044196 = 153*j - 73*j. Is j prime?
False
Let t(u) = 34955*u**2 - 4*u - 64. Is t(-3) a composite number?
False
Suppose 237 = 7*y - 15. Suppose -q = 3*q - y. Is 15/(-10)*(2 + (-804)/q) a prime number?
True
Suppose -4*v - 110873 + 524921 = -k, 0 = -5*v - 6*k + 517531. Is v prime?
True
Let c(n) be the second derivative of 1126*n**3/3 - 101*n**2/2 - 33*n - 3. Is c(5) composite?
False
Is (25968/72)/(14/6 + -2) - -5 a prime number?
True
Let z(i) = i + 1. Let j be z(0). Let p be (-24)/(-120) - (j - 48/10). Suppose -5*a = -5*g + 2720, 3*g = p*a - 3*a + 1626. Is g a prime number?
True
Suppose -4550301 - 4807700 - 1412783 = -32*o. Is o prime?
True
Let r be ((-6)/4)/((-12)/16). Suppose -3*n + 29291 = 4*z, 0*n + z - 19534 = -r*n. Suppose -3*k = 4*b - n, 3*k - 4*b - 6526 = k. Is k composite?
False
Suppose -41 = 12*g - 14*g + 5*w, 20 = -4*w. Suppose -68516 = -12*m + g*m. Is m prime?
False
Is ((-132)/(-42) - 2) + (-4072991)/(-7) a prime number?
True
Is (-13)/(-364)*8 - (-1385207)/7 a composite number?
False
Is (-134980181)/(-696) - 4/96 a composite number?
False
Is 89*((15/(-10))/((-36)/216168) + -8) prime?
False
Suppose -85*c + 243033 = -839102. Is c a composite number?
True
Let h = 91 + -65. Let k = 20 - h. Is k/(-9) + -2 + (-12423)/(-9) a compos